e 3) in base 10?
-102248
15354662 (base 7) to base 2
101101000010101010100
21122111120 (base 3) to base 2
100100110000001100
Convert -31432741 (base 8) to base 11.
-3865724
Convert 111100010110101001 (base 2) to base 9.
416086
Convert -37d6d (base 14) to base 5.
-13341401
What is -1852b2 (base 14) in base 7?
-10206412
What is -1ac19 (base 15) in base 12?
-424a3
-14231441 (base 6) to base 5
-111031020
What is -4238 (base 15) in base 11?
-a580
What is 1000001110110111011 (base 2) in base 5?
32113010
26631 (base 15) to base 6
2344544
What is -143003103 (base 5) in base 4?
-2313031003
Convert 2cd9e4 (base 16) to base 15.
3d0dc9
Convert -188c19 (base 14) to base 12.
-35b207
Convert -121201220012 (base 3) to base 10.
-329432
212101101121002 (base 3) to base 4
233122012301
Convert -449b38 (base 12) to base 8.
-4133434
1000000001110100 (base 2) to base 5
2023014
What is 132223000 (base 4) in base 8?
365300
What is 10441214 (base 5) in base 13?
33618
1b68 (base 13) to base 2
1000000101110
Convert -3922464 (base 12) to base 16.
-ab8e0c
What is a93e87 (base 15) in base 16?
7b0739
120421455 (base 6) to base 15
2ed9be
Convert -24615 (base 14) to base 16.
-15bab
What is 1050641 (base 7) in base 2?
11111101110111001
Convert 262141 (base 9) to base 8.
466500
What is 482855 (base 9) in base 15?
5b295
What is b11615 (base 12) in base 11?
1616003
Convert -9b4b92 (base 12) to base 6.
-125023502
-1020312030 (base 4) to base 16
-48d8c
Convert 2450ab (base 13) to base 15.
12228b
134886 (base 16) to base 9
2335476
What is 1abccc (base 15) in base 11?
811a48
What is 112501466 (base 7) in base 8?
32264550
Convert -1033313101 (base 4) to base 7.
-2531464
What is 1222010202 (base 3) in base 14?
10190
What is -2350616 (base 8) in base 6?
-21443010
10021010210200 (base 3) to base 6
101103500
Convert -519383 (base 11) to base 15.
-116939
What is 1158118 (base 9) in base 10?
629225
What is 1200221120011 (base 3) in base 5?
212414434
What is -31314303 (base 5) in base 7?
-2133463
Convert -806703 (base 9) to base 4.
-1310202120
510222014 (base 6) to base 9
17324441
4523761 (base 9) to base 8
11227514
-120616434 (base 7) to base 2
-11100101011010011100001
What is 7a826 (base 12) in base 5?
20213424
10000011111100 (base 2) to base 6
103032
What is -12150252 (base 6) in base 16?
-5ea18
What is 45e49 (base 15) in base 9?
368306
What is -3a50c (base 13) in base 8?
-323736
What is 2213a9 (base 11) in base 10?
353197
What is -68c1e2 (base 15) in base 9?
-10363635
54588 (base 11) to base 14
20c34
Convert -1bbb47 (base 12) to base 2.
-1111001011110100111
Convert -102423431 (base 6) to base 11.
-1024a53
What is -9653c5 (base 15) in base 6?
-413212552
What is -15611072 (base 8) in base 5?
-1410443041
What is 5596857 (base 10) in base 3?
101112100110000
Convert 11001011100000011 (base 2) to base 3.
12021221002
Convert -221211211 (base 3) to base 13.
-8764
Convert 326462 (base 8) to base 9.
176642
Convert 471835 (base 9) to base 10.
283532
Convert 266470 (base 11) to base 10.
418495
2785711 (base 9) to base 7
16013125
-11301 (base 16) to base 7
-412152
Convert -670699 (base 10) to base 2.
-10100011101111101011
-556555 (base 8) to base 2
-101101110101101101
What is -87947 (base 13) in base 15?
-4cad2
What is -2265433 (base 8) in base 13?
-187c43
What is 12101100201112 (base 3) in base 8?
12724103
What is 20022211222021 (base 3) in base 14?
637761
-246341 (base 12) to base 10
-591457
Convert -2343067 (base 9) to base 8.
-4655451
What is 9543650 (base 10) in base 9?
18855375
-11100010000010 (base 2) to base 8
-34202
Convert -5aa99 (base 11) to base 3.
-11110111002
Convert -240240 (base 7) to base 14.
-11b20
-8a649 (base 12) to base 5
-21342324
Convert -12020122121 (base 3) to base 12.
-4b914
Convert 67656 (base 16) to base 7.
3412503
Convert 753931 (base 10) to base 7.
6260023
51de (base 16) to base 9
31666
110110011100101001010 (base 2) to base 4
12303211022
-13411 (base 11) to base 8
-45272
What is 6b31c (base 15) in base 11?
2136a5
27187 (base 14) to base 9
156151
What is -757835 (base 10) in base 8?
-2710113
What is -7366610 (base 8) in base 5?
-1000230402
1010110111000000010 (base 2) to base 11
223393
What is -295a3 (base 15) in base 16?
-20727
Convert 2231331101 (base 4) to base 9.
1305358
What is 1011342031 (base 5) in base 7?
23333651
What is 242322000 (base 5) in base 13?
30a020
-45465365 (base 7) to base 8
-17102010
Convert 10c23 (base 15) to base 8.
150156
What is -36065632 (base 8) in base 10?
-7891866
55896 (base 11) to base 6
1422405
Convert -3ea058 (base 16) to base 15.
-56113a
-189149 (base 10) to base 5
-22023044
122213333 (base 4) to base 12
5313b
What is -125b44 (base 13) in base 5?
-103110230
Convert 4277457 (base 9) to base 12.
928344
-12201200001 (base 3) to base 9
-181601
67389 (base 15) to base 14
87855
Convert -2012401 (base 7) to base 14.
-62d38
Convert -212aa (base 11) to base 14.
-b407
5211443 (base 6) to base 5
31004030
What is -59d797 (base 15) in base 5?
-2100014332
Convert 2332222132 (base 4) to base 11.
493822
Convert -1112212200101 (base 3) to base 6.
-25400014
-110010111001001111111101 (base 2) to base 11
-75928a2
What is 11312444 (base 5) in base 14?
29d36
What is 111121000101001 (base 3) in base 14?
d608b2
Convert 1443312404 (base 5) to base 13.
a60635
53368 (base 11) to base 5
4441020
Convert -231130323 (base 4) to base 2.
-101101011100111011
Convert 10556757 (base 9) to base 10.
5116012
What is -10123022203 (base 4) in base 14?
-22297d
Convert -203133302 (base 4) to base 14.
-3adb4
What is -21210421 (base 5) in base 16?
-2baad
Convert -63265231 (base 7) to base 13.
-1151587
What is 40033445 (base 6) in base 15?
173288
Convert -22202102231 (base 4) to base 15.
-39851b
What is -677 (base 9) in base 2?
-1000101100
What is 2327c (base 13) in base 4?
33222122
-10b326 (base 13) to base 2
-1100000101011011111
What is 12172175 (base 8) in base 10?
2684029
Convert -2374331 (base 10) to base 8.
-11035273
What is -1145000 (base 6) in base 14?
-18196
Convert -777d (base 14) to base 7.
-114216
2151264 (base 8) to base 10
578228
Convert -224521 (base 6) to base 8.
-45401
-1220202131 (base 4) to base 11
-272783
-2617786 (base 9) to base 13
-3b0865
Convert -246645 (base 11) to base 16.
-5f133
Convert -6405b6 (base 14) to base 16.
-3399f4
Convert 33103300 (base 4) to base 7.
350545
30452506 (base 7) to base 12
a301a7
Convert 108a7b (base 16) to base 7.
12133300
What is -8234153 (base 9) in base 16?
-4305a2
Convert -11201 (base 5) to base 4.
-30201
What is 40733 (base 10) in base 13?
15704
Convert 9e94d (base 16) to base 2.
10011110100101001101
-13505404 (base 7) to base 10
-1262440
1210350 (base 7) to base 4
211203312
What is -23320411 (base 5) in base 3?
-101212100121
-120002200000 (base 3) to base 8
-1104345
6364546 (base 8) to base 5
413320100
Convert -27252 (base 11) to base 2.
-1001011111110010
-112122022120110 (base 3) to base 4
-131223222222
What is -515440002 (base 6) in base 7?
-136024154
Convert 12654614 (base 7) to base 8.
4363565
Convert 3123123221 (base 4) to base 9.
1618818
What is -1041c3 (base 14) in base 6?
-15434235
-20123145 (base 7) to base 10
-1669806
What is -21104200 (base 6) in base 5?
-124141430
Convert -1052300 (base 6) to base 16.
-d1ac
85ab0 (base 12) to base 9
287506
Convert 522200 (base 7) to base 11.
61374
719103 (base 14) to base 2
1110100110100101101111
Convert -10156643 (base 8) to base 13.
-5a54bc
What is -30520543 (base 6) in base 15?
-1262ac
Convert -35887c (base 13) to base 12.
-516317
Convert 200211200110 (base 3) to base 14.
991dc
-273367 (base 12) to base 15
-cc241
What is -602c9 (base 15) in base 6?
-10305113
Convert 44815 (base 10) to base 4.
22330033
What is 1475122 (base 13) in base 3?
110021101222221
213343 (base 7) to base 14
d7ca
Convert -134405105 (base 7) to base 5.
-4221300043
26433224 (base 7) to base 13
670520
Convert -1b49535 (base 12) to base 3.
-101221210211012
Convert 2572a (base 11) to base 2.
1000111111010000
What is 4cdf8 (base 16) in base 10?
314872
What is -767a9 (base 16) in base 2?
-1110110011110101001
Convert 22112401 (base 5) to base 9.
321740
What is 348183 (base 10) in base 9?
580550
What is 164a2 (base 13) in base 14?
11715
-399051 (base 12) to base 4
-3213213331
Convert 10000111011110000 (base 2) 